{"id":5717,"date":"2016-05-19T17:43:48","date_gmt":"2016-05-19T16:43:48","guid":{"rendered":"https:\/\/etk-rt.hu\/events\/?post_type=product&#038;p=5717"},"modified":"2022-02-16T14:27:39","modified_gmt":"2022-02-16T13:27:39","slug":"next-generation-of-internal-audit-problem-solving","status":"publish","type":"product","link":"https:\/\/etk-rt.hu\/events\/product\/next-generation-of-internal-audit-problem-solving\/","title":{"rendered":"Next generation of internal audit &#8211; problem solving (2016)"},"content":{"rendered":"\t\t<div data-elementor-type=\"wp-post\" data-elementor-id=\"5717\" class=\"elementor elementor-5717\" data-elementor-post-type=\"product\">\n\t\t\t\t\t\t\t\t\t<section class=\"elementor-section elementor-top-section elementor-element elementor-element-3fffa942 elementor-section-boxed elementor-section-height-default elementor-section-height-default\" data-id=\"3fffa942\" data-element_type=\"section\">\n\t\t\t\t\t\t<div class=\"elementor-container elementor-column-gap-default\">\n\t\t\t\t\t<div class=\"elementor-column elementor-col-100 elementor-top-column elementor-element elementor-element-20c0047e\" data-id=\"20c0047e\" data-element_type=\"column\">\n\t\t\t<div class=\"elementor-widget-wrap\">\n\t\t\t\t\t\t\t\t\t<\/div>\n\t\t<\/div>\n\t\t\t\t\t\t\t<\/div>\n\t\t<\/section>\n\t\t\t\t\t\t\t<\/div>\n\t\t","protected":false},"excerpt":{"rendered":"<p>Conference date:\u00a0 19th-20th of May 2016<\/p>\n<hr \/>\n<p>Dear Participants,<\/p>\n<p>Allow me to thank all of you for attending the conference in May and contributing to make it successful.<br \/>\nWe honestly hope that these few days were useful and enjoyable, as well as memorable for you. Many interesting and actual topics were presented and discussed. I believe that the event provided us with the understanding of different views and new perspectives of internal audit.<br \/>\nPresentation and photos are available on the website with the user name and password which we sent you in e-mail. Please let us know if you need any assistance.<br \/>\nFinally, I would like express our gratitude again, because this achievement could not be without your valuable presence.<br \/>\nSo \u2013 thank you very much, vielen Dank, faleminderit, \u0634\u0643\u0631\u0627, eskerrik asko, \u0431\u043b\u0430\u0433\u043e\u0434\u0430\u0440\u044f \u0432\u0438, c\u043f\u0430\u0441\u0438\u0431\u043e, gr\u00e0cies, hvala, d\u011bkuji v\u00e1m, t\u00e4nan, labai a\u010di\u016b, \u010eakujem v\u00e1m, merci vielmal, te\u015fekk\u00fcr ederim, \u10d3\u10d8\u10d3\u10d8 \u10db\u10d0\u10d3\u10da\u10dd\u10d1\u10d0, \u0547\u0576\u0578\u0580\u0570\u0561\u056f\u0561\u056c \u0565\u0574, x\u0432\u0430\u043b\u0430 \u0432\u0430\u043c, k\u00f6sz\u00f6nj\u00fck!<\/p>\n<p>We look forward to our next meeting.<br \/>\nWarm regards,<br \/>\nRobert Kollar, Tamas Miskolczi, Matyas Lancos<br \/>\nIIA Hungary, ETK Co.<\/p>\n<p>Dear Ladies and Gentlemen, Dear Colleagues!<\/p>\n<p>As President of IIA Hungary, I\u2019m happy to inform you that &#8211; based on the votes of the IIA CEE leaders &#8211; our chapter has the privilege to host the CEE conference in 2016. The event will be organized in Budapest on 19-20th of May, 2016. The venue of the conference will be at the Headquarter of Hungarian Telecom, an excellent facility which hosted several international conferences organized by IIA Hungary.<\/p>\n<p>The title of our conference will be \u201eNext Generation of Internal Audit \u2013 Problem solving 2016\u201d. According to this title, we have attracted both the young and the more experienced representatives of Internal Auditors. We selected such presentations from international and local speakers, which will be attractive for all internal auditors with different kinds of experiences and from different sectors. We will be covering topics from audit techniques and soft skills to people management. Fraud management skills, risk management techniques, IT auditing and compliance will all be on the agenda in order to make sure that the next generation of Internal Auditors will be well equipped with the above skills and knowledges.<\/p>\n<p>We have also invited a business leaders both big names and young talents to talk about their experience of controls and to provide ideas how auditors can provide value to Top Managers in reaching their goals.<\/p>\n<p>The proven track records of international conferences organized by IIA Hungary and the incomparable beauty of Budapest will guarantee that you will have a great conference experience next May.<\/p>\n<p>I am confident that the above topics will be attractive enough for many of you to attend, and the attendance will provide you the knowledge and motivation towards a more successful audit carrier.<\/p>\n<p>Hope that the Board of IIA Hungary will be able to welcome many of you in Budapest!<br \/>\nYours sincerely,<\/p>\n<p>Robert Kollar<br \/>\nPresident of IIA Hungary<\/p>\n","protected":false},"featured_media":5734,"template":"","meta":[],"product_cat":[105],"product_tag":[],"_links":{"self":[{"href":"https:\/\/etk-rt.hu\/events\/wp-json\/wp\/v2\/product\/5717"}],"collection":[{"href":"https:\/\/etk-rt.hu\/events\/wp-json\/wp\/v2\/product"}],"about":[{"href":"https:\/\/etk-rt.hu\/events\/wp-json\/wp\/v2\/types\/product"}],"wp:featuredmedia":[{"embeddable":true,"href":"https:\/\/etk-rt.hu\/events\/wp-json\/wp\/v2\/media\/5734"}],"wp:attachment":[{"href":"https:\/\/etk-rt.hu\/events\/wp-json\/wp\/v2\/media?parent=5717"}],"wp:term":[{"taxonomy":"product_cat","embeddable":true,"href":"https:\/\/etk-rt.hu\/events\/wp-json\/wp\/v2\/product_cat?post=5717"},{"taxonomy":"product_tag","embeddable":true,"href":"https:\/\/etk-rt.hu\/events\/wp-json\/wp\/v2\/product_tag?post=5717"}],"curies":[{"name":"wp","href":"https:\/\/api.w.org\/{rel}","templated":true}]}}

<p>Conference date:  19th-20th of May 2016</p>
<hr />
<p>Dear Participants,</p>
<p>Allow me to thank all of you for attending the conference in May and contributing to make it successful.<br />
We honestly hope that these few days were useful and enjoyable, as well as memorable for you. Many interesting and actual topics were presented and discussed. I believe that the event provided us with the understanding of different views and new perspectives of internal audit.<br />
Presentation and photos are available on the website with the user name and password which we sent you in e-mail. Please let us know if you need any assistance.<br />
Finally, I would like express our gratitude again, because this achievement could not be without your valuable presence.<br />
So – thank you very much, vielen Dank, faleminderit, شكرا, eskerrik asko, благодаря ви, cпасибо, gràcies, hvala, děkuji vám, tänan, labai ačiū, Ďakujem vám, merci vielmal, teşekkür ederim, დიდი მადლობა, Շնորհակալ եմ, xвала вам, köszönjük!</p>
<p>We look forward to our next meeting.<br />
Warm regards,<br />
Robert Kollar, Tamas Miskolczi, Matyas Lancos<br />
IIA Hungary, ETK Co.</p>
<p>Dear Ladies and Gentlemen, Dear Colleagues!</p>
<p>As President of IIA Hungary, I’m happy to inform you that &#8211; based on the votes of the IIA CEE leaders &#8211; our chapter has the privilege to host the CEE conference in 2016. The event will be organized in Budapest on 19-20th of May, 2016. The venue of the conference will be at the Headquarter of Hungarian Telecom, an excellent facility which hosted several international conferences organized by IIA Hungary.</p>
<p>The title of our conference will be „Next Generation of Internal Audit – Problem solving 2016”. According to this title, we have attracted both the young and the more experienced representatives of Internal Auditors. We selected such presentations from international and local speakers, which will be attractive for all internal auditors with different kinds of experiences and from different sectors. We will be covering topics from audit techniques and soft skills to people management. Fraud management skills, risk management techniques, IT auditing and compliance will all be on the agenda in order to make sure that the next generation of Internal Auditors will be well equipped with the above skills and knowledges.</p>
<p>We have also invited a business leaders both big names and young talents to talk about their experience of controls and to provide ideas how auditors can provide value to Top Managers in reaching their goals.</p>
<p>The proven track records of international conferences organized by IIA Hungary and the incomparable beauty of Budapest will guarantee that you will have a great conference experience next May.</p>
<p>I am confident that the above topics will be attractive enough for many of you to attend, and the attendance will provide you the knowledge and motivation towards a more successful audit carrier.</p>
<p>Hope that the Board of IIA Hungary will be able to welcome many of you in Budapest!<br />
Yours sincerely,</p>
<p>Robert Kollar<br />
President of IIA Hungary</p>
